{"id":3538,"date":"2024-05-31T07:41:30","date_gmt":"2024-05-31T12:41:30","guid":{"rendered":"https:\/\/mhgequiposmedicos.com\/?post_type=product&#038;p=3538"},"modified":"2024-11-08T17:13:34","modified_gmt":"2024-11-08T22:13:34","slug":"3538","status":"publish","type":"product","link":"https:\/\/mhgequiposmedicos.com\/index.php\/product\/3538\/","title":{"rendered":"Cama Cl\u00ednica Importada de 02 Manivelas"},"content":{"rendered":"<p><strong>\u00a0<\/strong><\/p>\n<p>La Cama Cl\u00ednica Manual de 02 Manivelas es una excelente opci\u00f3n para el cuidado de pacientes en hospitales, cl\u00ednicas y hogares. Esta cama cuenta con la funci\u00f3n de regular la cabecera y piecera mediante sus dos manivelas, permitiendo una mayor comodidad para el usuario. Adem\u00e1s, viene con un portasuero incluido ,mesa para comer de regalo y barandas para proteger de las ca\u00eddas.<\/p>\n<p>\u00a1Obt\u00e9n ahora la Cama Cl\u00ednica de 02 Manivelas y brinda la mejor comodidad a tu familiar!<\/p>\n<p><strong><br \/>\n<a href=\"http:\/\/mhgequiposmedicos.com\/wp-content\/uploads\/2024\/05\/Imagen-de-WhatsApp-2024-05-31-a-las-07.29.29_37060878.jpg\"><img fetchpriority=\"high\" decoding=\"async\" class=\"alignnone size-full wp-image-3540\" src=\"http:\/\/mhgequiposmedicos.com\/wp-content\/uploads\/2024\/05\/Imagen-de-WhatsApp-2024-05-31-a-las-07.29.29_37060878.jpg\" alt=\"\" width=\"554\" height=\"554\" \/><\/a><br \/>\nESPECIFICACIONES TECNICAS<\/strong><\/p>\n<p>Respaldo: 90\u00b0<br \/>\nReposapi\u00e9s: 55\u00b0<br \/>\nAltura: 50 cm desde el suelo hasta el tablero de la cama<\/p>\n<p>Material:<br \/>\nAcero con recubrimiento electrost\u00e1tico + ABS + Aluminio + goma<br \/>\nEstructura de acero con recubrimiento electrost\u00e1tico<br \/>\nTablero de cabeza y pie de ABS<br \/>\nBarandillas laterales de aluminio plegables y desmontables<br \/>\nRuedas de goma de 5&#8243; con dos frenos<\/p>\n<p>Caracter\u00edsticas:<br \/>\nMaterial: Acero electroest\u00e1tico pulverizado<br \/>\nTablero de pie y cabeza en ABS<br \/>\nRa\u00edles (Barandas) laterales de aluminio<br \/>\nRueda de goma de 5&#8243; (dos con freno)<\/p>\n<p>Accesorios:<br \/>\n4 ruedas est\u00e1ndar de 5&#8243; con dos frenos,<br \/>\n1 par de barandillas laterales de cama,<br \/>\n1 juego de tableros de cabeza y pie de ABS desmontables,<br \/>\n4 ganchos para orina,<br \/>\n2 juegos de sistema de manivela de ABS<\/p>\n<p>Especificaciones:<br \/>\nTama\u00f1o: 2130 x 970 x 500 mm<br \/>\nLongitud: 2130 mm<br \/>\nAncho: 970 mm<br \/>\nAltura: 500 mm<br \/>\nTama\u00f1o del tablero de la cama: 1950 x 840 mm (L x A), grosor: 1.2 mm<br \/>\nTama\u00f1o de las barandillas laterales: 1500 x 415 mm (L x A), peso: 3.8 kg<br \/>\nTama\u00f1o del tubo de la estructura: 30 x 60 mm, grosor: 1.5 mm<br \/>\nPeso de los tableros de cabeza y pie de ABS: 2.5 kg\/par<br \/>\nTama\u00f1o de las ruedas: 5&#8243; (12.5 cm), peso: 4.08 kg\/4 unidades.<\/p>\n","protected":false},"excerpt":{"rendered":"<p><strong>Elige la Cama Cl\u00ednica Manual de 2 Manivelas para una soluci\u00f3n de cuidado accesible y confiable. Haz tu pedido y mejora la calidad del cuidado del paciente con MHG EQUIPOS MEDICOS<br \/>\n<\/strong><\/p>\n<p>INCLUYE<\/p>\n<ul>\n<li>Camas cl\u00ednicas IMPORTADA 2 MANIVELAS<\/li>\n<li>colch\u00f3n cl\u00ednico articulado 4 piezas \u2013 5 pulgadas\n<p>ACCESORIOS DE REGALO<\/li>\n<li>Bandeja de alimentos<\/li>\n<li>Porta suero para suministrar medicamentos al paciente<\/li>\n<li>INSTALACION TOTALMENTE GRATUITO<\/li>\n<\/ul>\n","protected":false},"featured_media":3539,"template":"","meta":{"_joinchat":[]},"product_cat":[117,15],"product_tag":[],"wooqr_code":"","yoast_head":"<!-- This site is optimized with the Yoast SEO plugin v21.7 - https:\/\/yoast.com\/wordpress\/plugins\/seo\/ -->\n<title>Cama Cl\u00ednica Importada de 02 Manivelas - mhgequiposmedicos.com<\/title>\n<meta name=\"description\" content=\"Contamos con env\u00edo express dentro de las primeras 24h. Env\u00edo e instalaci\u00f3n incluidos Lima* Los mejores precios a tu disposici\u00f3n. Servicio de calidad y precios de importador. Droguer\u00eda Peruana. Garant\u00eda de 1 a\u00f1o.\" \/>\n<meta name=\"robots\" content=\"index, follow, max-snippet:-1, max-image-preview:large, max-video-preview:-1\" \/>\n<link rel=\"canonical\" href=\"https:\/\/mhgequiposmedicos.com\/index.php\/product\/3538\/\" \/>\n<meta property=\"og:locale\" content=\"es_ES\" \/>\n<meta property=\"og:type\" content=\"article\" \/>\n<meta property=\"og:title\" content=\"Cama Cl\u00ednica Importada de 02 Manivelas - mhgequiposmedicos.com\" \/>\n<meta property=\"og:description\" content=\"Contamos con env\u00edo express dentro de las primeras 24h. Env\u00edo e instalaci\u00f3n incluidos Lima* Los mejores precios a tu disposici\u00f3n. Servicio de calidad y precios de importador. Droguer\u00eda Peruana. Garant\u00eda de 1 a\u00f1o.\" \/>\n<meta property=\"og:url\" content=\"https:\/\/mhgequiposmedicos.com\/index.php\/product\/3538\/\" \/>\n<meta property=\"og:site_name\" content=\"mhgequiposmedicos.com\" \/>\n<meta property=\"article:publisher\" content=\"https:\/\/www.facebook.com\/MORNINGHEALTHINGGROUP\" \/>\n<meta property=\"article:modified_time\" content=\"2024-11-08T22:13:34+00:00\" \/>\n<meta property=\"og:image\" content=\"http:\/\/mhgequiposmedicos.com\/wp-content\/uploads\/2024\/05\/Imagen-de-WhatsApp-2024-05-31-a-las-07.29.29_ee546c02.jpg\" \/>\n\t<meta property=\"og:image:width\" content=\"554\" \/>\n\t<meta property=\"og:image:height\" content=\"554\" \/>\n\t<meta property=\"og:image:type\" content=\"image\/jpeg\" \/>\n<meta name=\"twitter:card\" content=\"summary_large_image\" \/>\n<meta name=\"twitter:label1\" content=\"Tiempo de lectura\" \/>\n\t<meta name=\"twitter:data1\" content=\"2 minutos\" \/>\n<script type=\"application\/ld+json\" class=\"yoast-schema-graph\">{\"@context\":\"https:\/\/schema.org\",\"@graph\":[{\"@type\":\"WebPage\",\"@id\":\"https:\/\/mhgequiposmedicos.com\/index.php\/product\/3538\/\",\"url\":\"https:\/\/mhgequiposmedicos.com\/index.php\/product\/3538\/\",\"name\":\"Cama Cl\u00ednica Importada de 02 Manivelas - mhgequiposmedicos.com\",\"isPartOf\":{\"@id\":\"https:\/\/mhgequiposmedicos.com\/#website\"},\"datePublished\":\"2024-05-31T12:41:30+00:00\",\"dateModified\":\"2024-11-08T22:13:34+00:00\",\"description\":\"Contamos con env\u00edo express dentro de las primeras 24h. Env\u00edo e instalaci\u00f3n incluidos Lima* Los mejores precios a tu disposici\u00f3n. Servicio de calidad y precios de importador. Droguer\u00eda Peruana. Garant\u00eda de 1 a\u00f1o.\",\"breadcrumb\":{\"@id\":\"https:\/\/mhgequiposmedicos.com\/index.php\/product\/3538\/#breadcrumb\"},\"inLanguage\":\"es\",\"potentialAction\":[{\"@type\":\"ReadAction\",\"target\":[\"https:\/\/mhgequiposmedicos.com\/index.php\/product\/3538\/\"]}]},{\"@type\":\"BreadcrumbList\",\"@id\":\"https:\/\/mhgequiposmedicos.com\/index.php\/product\/3538\/#breadcrumb\",\"itemListElement\":[{\"@type\":\"ListItem\",\"position\":1,\"name\":\"Portada\",\"item\":\"https:\/\/mhgequiposmedicos.com\/\"},{\"@type\":\"ListItem\",\"position\":2,\"name\":\"Tienda\",\"item\":\"https:\/\/mhgequiposmedicos.com\/index.php\/tienda\/\"},{\"@type\":\"ListItem\",\"position\":3,\"name\":\"Cama Cl\u00ednica Importada de 02 Manivelas\"}]},{\"@type\":\"WebSite\",\"@id\":\"https:\/\/mhgequiposmedicos.com\/#website\",\"url\":\"https:\/\/mhgequiposmedicos.com\/\",\"name\":\"mhgequiposmedicos.com\",\"description\":\"\",\"publisher\":{\"@id\":\"https:\/\/mhgequiposmedicos.com\/#organization\"},\"potentialAction\":[{\"@type\":\"SearchAction\",\"target\":{\"@type\":\"EntryPoint\",\"urlTemplate\":\"https:\/\/mhgequiposmedicos.com\/?s={search_term_string}\"},\"query-input\":\"required name=search_term_string\"}],\"inLanguage\":\"es\"},{\"@type\":\"Organization\",\"@id\":\"https:\/\/mhgequiposmedicos.com\/#organization\",\"name\":\"mhgequiposmedicos.com\",\"url\":\"https:\/\/mhgequiposmedicos.com\/\",\"logo\":{\"@type\":\"ImageObject\",\"inLanguage\":\"es\",\"@id\":\"https:\/\/mhgequiposmedicos.com\/#\/schema\/logo\/image\/\",\"url\":\"https:\/\/mhgequiposmedicos.com\/wp-content\/uploads\/2020\/04\/mhg-high-resolution-logo-transparent.png\",\"contentUrl\":\"https:\/\/mhgequiposmedicos.com\/wp-content\/uploads\/2020\/04\/mhg-high-resolution-logo-transparent.png\",\"width\":2000,\"height\":707,\"caption\":\"mhgequiposmedicos.com\"},\"image\":{\"@id\":\"https:\/\/mhgequiposmedicos.com\/#\/schema\/logo\/image\/\"},\"sameAs\":[\"https:\/\/www.facebook.com\/MORNINGHEALTHINGGROUP\"]}]}<\/script>\n<!-- \/ Yoast SEO plugin. -->","yoast_head_json":{"title":"Cama Cl\u00ednica Importada de 02 Manivelas - mhgequiposmedicos.com","description":"Contamos con env\u00edo express dentro de las primeras 24h. Env\u00edo e instalaci\u00f3n incluidos Lima* Los mejores precios a tu disposici\u00f3n. Servicio de calidad y precios de importador. Droguer\u00eda Peruana. Garant\u00eda de 1 a\u00f1o.","robots":{"index":"index","follow":"follow","max-snippet":"max-snippet:-1","max-image-preview":"max-image-preview:large","max-video-preview":"max-video-preview:-1"},"canonical":"https:\/\/mhgequiposmedicos.com\/index.php\/product\/3538\/","og_locale":"es_ES","og_type":"article","og_title":"Cama Cl\u00ednica Importada de 02 Manivelas - mhgequiposmedicos.com","og_description":"Contamos con env\u00edo express dentro de las primeras 24h. Env\u00edo e instalaci\u00f3n incluidos Lima* Los mejores precios a tu disposici\u00f3n. Servicio de calidad y precios de importador. Droguer\u00eda Peruana. Garant\u00eda de 1 a\u00f1o.","og_url":"https:\/\/mhgequiposmedicos.com\/index.php\/product\/3538\/","og_site_name":"mhgequiposmedicos.com","article_publisher":"https:\/\/www.facebook.com\/MORNINGHEALTHINGGROUP","article_modified_time":"2024-11-08T22:13:34+00:00","og_image":[{"width":554,"height":554,"url":"http:\/\/mhgequiposmedicos.com\/wp-content\/uploads\/2024\/05\/Imagen-de-WhatsApp-2024-05-31-a-las-07.29.29_ee546c02.jpg","type":"image\/jpeg"}],"twitter_card":"summary_large_image","twitter_misc":{"Tiempo de lectura":"2 minutos"},"schema":{"@context":"https:\/\/schema.org","@graph":[{"@type":"WebPage","@id":"https:\/\/mhgequiposmedicos.com\/index.php\/product\/3538\/","url":"https:\/\/mhgequiposmedicos.com\/index.php\/product\/3538\/","name":"Cama Cl\u00ednica Importada de 02 Manivelas - mhgequiposmedicos.com","isPartOf":{"@id":"https:\/\/mhgequiposmedicos.com\/#website"},"datePublished":"2024-05-31T12:41:30+00:00","dateModified":"2024-11-08T22:13:34+00:00","description":"Contamos con env\u00edo express dentro de las primeras 24h. Env\u00edo e instalaci\u00f3n incluidos Lima* Los mejores precios a tu disposici\u00f3n. Servicio de calidad y precios de importador. Droguer\u00eda Peruana. Garant\u00eda de 1 a\u00f1o.","breadcrumb":{"@id":"https:\/\/mhgequiposmedicos.com\/index.php\/product\/3538\/#breadcrumb"},"inLanguage":"es","potentialAction":[{"@type":"ReadAction","target":["https:\/\/mhgequiposmedicos.com\/index.php\/product\/3538\/"]}]},{"@type":"BreadcrumbList","@id":"https:\/\/mhgequiposmedicos.com\/index.php\/product\/3538\/#breadcrumb","itemListElement":[{"@type":"ListItem","position":1,"name":"Portada","item":"https:\/\/mhgequiposmedicos.com\/"},{"@type":"ListItem","position":2,"name":"Tienda","item":"https:\/\/mhgequiposmedicos.com\/index.php\/tienda\/"},{"@type":"ListItem","position":3,"name":"Cama Cl\u00ednica Importada de 02 Manivelas"}]},{"@type":"WebSite","@id":"https:\/\/mhgequiposmedicos.com\/#website","url":"https:\/\/mhgequiposmedicos.com\/","name":"mhgequiposmedicos.com","description":"","publisher":{"@id":"https:\/\/mhgequiposmedicos.com\/#organization"},"potentialAction":[{"@type":"SearchAction","target":{"@type":"EntryPoint","urlTemplate":"https:\/\/mhgequiposmedicos.com\/?s={search_term_string}"},"query-input":"required name=search_term_string"}],"inLanguage":"es"},{"@type":"Organization","@id":"https:\/\/mhgequiposmedicos.com\/#organization","name":"mhgequiposmedicos.com","url":"https:\/\/mhgequiposmedicos.com\/","logo":{"@type":"ImageObject","inLanguage":"es","@id":"https:\/\/mhgequiposmedicos.com\/#\/schema\/logo\/image\/","url":"https:\/\/mhgequiposmedicos.com\/wp-content\/uploads\/2020\/04\/mhg-high-resolution-logo-transparent.png","contentUrl":"https:\/\/mhgequiposmedicos.com\/wp-content\/uploads\/2020\/04\/mhg-high-resolution-logo-transparent.png","width":2000,"height":707,"caption":"mhgequiposmedicos.com"},"image":{"@id":"https:\/\/mhgequiposmedicos.com\/#\/schema\/logo\/image\/"},"sameAs":["https:\/\/www.facebook.com\/MORNINGHEALTHINGGROUP"]}]}},"_links":{"self":[{"href":"https:\/\/mhgequiposmedicos.com\/index.php\/wp-json\/wp\/v2\/product\/3538"}],"collection":[{"href":"https:\/\/mhgequiposmedicos.com\/index.php\/wp-json\/wp\/v2\/product"}],"about":[{"href":"https:\/\/mhgequiposmedicos.com\/index.php\/wp-json\/wp\/v2\/types\/product"}],"version-history":[{"count":4,"href":"https:\/\/mhgequiposmedicos.com\/index.php\/wp-json\/wp\/v2\/product\/3538\/revisions"}],"predecessor-version":[{"id":3544,"href":"https:\/\/mhgequiposmedicos.com\/index.php\/wp-json\/wp\/v2\/product\/3538\/revisions\/3544"}],"wp:featuredmedia":[{"embeddable":true,"href":"https:\/\/mhgequiposmedicos.com\/index.php\/wp-json\/wp\/v2\/media\/3539"}],"wp:attachment":[{"href":"https:\/\/mhgequiposmedicos.com\/index.php\/wp-json\/wp\/v2\/media?parent=3538"}],"wp:term":[{"taxonomy":"product_cat","embeddable":true,"href":"https:\/\/mhgequiposmedicos.com\/index.php\/wp-json\/wp\/v2\/product_cat?post=3538"},{"taxonomy":"product_tag","embeddable":true,"href":"https:\/\/mhgequiposmedicos.com\/index.php\/wp-json\/wp\/v2\/product_tag?post=3538"}],"curies":[{"name":"wp","href":"https:\/\/api.w.org\/{rel}","templated":true}]}}