{"id":2787,"date":"2024-01-03T14:02:52","date_gmt":"2024-01-03T19:02:52","guid":{"rendered":"https:\/\/mhgequiposmedicos.com\/?post_type=product&#038;p=2787"},"modified":"2024-03-19T09:48:07","modified_gmt":"2024-03-19T14:48:07","slug":"inogen-one-g5","status":"publish","type":"product","link":"https:\/\/mhgequiposmedicos.com\/index.php\/product\/inogen-one-g5\/","title":{"rendered":"INOGEN ONE G5"},"content":{"rendered":"<table class=\"woocommerce-product-attributes shop_attributes\">\n<tbody>\n<tr class=\"woocommerce-product-attributes-item woocommerce-product-attributes-item--attribute_pa_brand\">\n<th class=\"woocommerce-product-attributes-item__label\">Brand<\/th>\n<td class=\"woocommerce-product-attributes-item__value\">Inogen<\/td>\n<\/tr>\n<tr class=\"woocommerce-product-attributes-item woocommerce-product-attributes-item--attribute_peso\">\n<th class=\"woocommerce-product-attributes-item__label\">Peso<\/th>\n<td class=\"woocommerce-product-attributes-item__value\">4.7 lbs. (incluye bater\u00eda individual)<\/td>\n<\/tr>\n<tr class=\"woocommerce-product-attributes-item woocommerce-product-attributes-item--attribute_tama%c3%b1o\">\n<th class=\"woocommerce-product-attributes-item__label\">Tama\u00f1o<\/th>\n<td class=\"woocommerce-product-attributes-item__value\">Longitud del tama\u00f1o: 7.19 \u201d Ancho: 3.26 \u201d Altura: 8.15 \u201c(incluye una sola bater\u00eda)<\/td>\n<\/tr>\n<tr class=\"woocommerce-product-attributes-item woocommerce-product-attributes-item--attribute_flujo-de-ox%c3%adgeno\">\n<th class=\"woocommerce-product-attributes-item__label\">Flujo de ox\u00edgeno<\/th>\n<td class=\"woocommerce-product-attributes-item__value\">Sistema de suministro de dosis de pulso de flujo de ox\u00edgeno<\/td>\n<\/tr>\n<tr class=\"woocommerce-product-attributes-item woocommerce-product-attributes-item--attribute_detecci%c3%b3n-de-potencia\">\n<th class=\"woocommerce-product-attributes-item__label\">Detecci\u00f3n de potencia<\/th>\n<td class=\"woocommerce-product-attributes-item__value\">Alimentaci\u00f3n Fuente de alimentaci\u00f3n de CA 100-240 V, 50-60 Hz<\/td>\n<\/tr>\n<tr class=\"woocommerce-product-attributes-item woocommerce-product-attributes-item--attribute_operaci%c3%b3n\">\n<th class=\"woocommerce-product-attributes-item__label\">Operaci\u00f3n<\/th>\n<td class=\"woocommerce-product-attributes-item__value\">6 configuraciones de flujo 1, 2, 3, 4, 5, 6<\/td>\n<\/tr>\n<tr class=\"woocommerce-product-attributes-item woocommerce-product-attributes-item--attribute_uso\">\n<th class=\"woocommerce-product-attributes-item__label\">Uso<\/th>\n<td class=\"woocommerce-product-attributes-item__value\">Uso Dise\u00f1ado para uso 24\/7<\/td>\n<\/tr>\n<tr class=\"woocommerce-product-attributes-item woocommerce-product-attributes-item--attribute_sonido\">\n<th class=\"woocommerce-product-attributes-item__label\">Sonido<\/th>\n<td class=\"woocommerce-product-attributes-item__value\">38 dBA<\/td>\n<\/tr>\n<\/tbody>\n<\/table>\n<p>&nbsp;<\/p>\n<p>&nbsp;<\/p>\n<p>OX\u00cdGENO PORT\u00c1TIL DE HASTA 13 HORAS DE AUTONOM\u00cdA CON BATER\u00cdA DOBLE<\/p>\n<p>El Inogen G5, ofrece la mayor cantidad de flujo de ox\u00edgeno para un concentrador port\u00e1til en el mercado hoy en d\u00eda, bater\u00eda simple que brinda hasta 6,5 horas de autonom\u00eda. Su dise\u00f1o es compacto y liviano, el concentrador Inogen G5 proporciona configuraciones de\u00a0<strong>flujo variables de 1 a 6<\/strong>\u00a0y est\u00e1 dise\u00f1ado para un\u00a0<strong>uso de 24 horas<\/strong>, lo que aumenta dr\u00e1sticamente la independencia de sus pacientes.<\/p>\n<p>Tambi\u00e9n, cuenta con el\u00a0<strong>sensor de inspiraci\u00f3n m\u00e1s sensible<\/strong>\u00a0del mercado, donde la entrega de ox\u00edgeno se realiza cuando detecta una inspiraci\u00f3n por parte del paciente.<\/p>\n<h5>CARACTER\u00cdSTICAS DEL PRODUCTO<\/h5>\n<ul>\n<li>Peso 4.7 lbs. (incluye bater\u00eda individual)<\/li>\n<li>Longitud del tama\u00f1o: 7.19 \u201c<\/li>\n<li>Ancho: 3.26 \u201c<\/li>\n<li>Altura: 8.15 \u201c(incluye una sola bater\u00eda)<\/li>\n<li>Sistema de suministro de dosis de pulso de flujo de ox\u00edgeno<\/li>\n<li>6 configuraciones de flujo 1, 2, 3, 4, 5, 6<\/li>\n<li>Alimentaci\u00f3n Fuente de alimentaci\u00f3n de CA 100-240 V, 50-60 Hz<\/li>\n<li>Detecci\u00f3n autom\u00e1tica para permitir el uso en todo el mundo<\/li>\n<li>Cable de alimentaci\u00f3n de CC: para uso m\u00f3vil en autom\u00f3viles<\/li>\n<li>Duraci\u00f3n de la bater\u00eda (bater\u00eda individual): hasta 6.5 horas<\/li>\n<li>Recargue hasta 3 horas con alimentaci\u00f3n de CA o CC<\/li>\n<li>Duraci\u00f3n (bater\u00eda doble): hasta 13 horas<\/li>\n<li>Nivel de ruido 38 dBA *<\/li>\n<li>Operaci\u00f3n Funciones de control simples y pantalla LCD f\u00e1cil de leer<\/li>\n<li>Uso Dise\u00f1ado para uso 24\/7<\/li>\n<\/ul>\n","protected":false},"excerpt":{"rendered":"<h5>CARACTER\u00cdSTICAS DEL PRODUCTO<\/h5>\n<ul>\n<li>Peso 4.7 lbs. (incluye bater\u00eda individual)<\/li>\n<li>Longitud del tama\u00f1o: 7.19 \u201d 3.26 \u201d 8.15<\/li>\n<li>Sistema de suministro de dosis de pulso de flujo de ox\u00edgeno<\/li>\n<li>6 configuraciones de flujo 1, 2, 3, 4, 5, 6<\/li>\n<li>Alimentaci\u00f3n Fuente de alimentaci\u00f3n de CA 100-240 V, 50-60 Hz<\/li>\n<li>Detecci\u00f3n autom\u00e1tica para permitir el uso en todo el mundo<\/li>\n<li>Cable de alimentaci\u00f3n de CC: para uso m\u00f3vil en autom\u00f3viles<\/li>\n<li>Duraci\u00f3n de la bater\u00eda (bater\u00eda individual): hasta 6.5 horas<\/li>\n<li>Recargue hasta 3 horas con alimentaci\u00f3n de CA o CC<\/li>\n<li>Duraci\u00f3n (bater\u00eda doble): hasta 13 horas<\/li>\n<li>Nivel de ruido 38 dBA *<\/li>\n<li>Operaci\u00f3n Funciones de control simples y pantalla LCD f\u00e1cil de leer<\/li>\n<li>Uso Dise\u00f1ado para uso 24\/7<\/li>\n<\/ul>\n","protected":false},"featured_media":2788,"template":"","meta":{"_joinchat":[]},"product_cat":[104,110,116],"product_tag":[],"wooqr_code":"","yoast_head":"<!-- This site is optimized with the Yoast SEO plugin v21.7 - https:\/\/yoast.com\/wordpress\/plugins\/seo\/ -->\n<title>INOGEN ONE G5 - mhgequiposmedicos.com<\/title>\n<meta name=\"robots\" content=\"index, follow, max-snippet:-1, max-image-preview:large, max-video-preview:-1\" \/>\n<link rel=\"canonical\" href=\"https:\/\/mhgequiposmedicos.com\/index.php\/product\/inogen-one-g5\/\" \/>\n<meta property=\"og:locale\" content=\"es_ES\" \/>\n<meta property=\"og:type\" content=\"article\" \/>\n<meta property=\"og:title\" content=\"INOGEN ONE G5 - mhgequiposmedicos.com\" \/>\n<meta property=\"og:description\" content=\"CARACTER\u00cdSTICAS DEL PRODUCTO   Peso 4.7 lbs. (incluye bater\u00eda individual)  Longitud del tama\u00f1o: 7.19 \u201d 3.26 \u201d 8.15  Sistema de suministro de dosis de pulso de flujo de ox\u00edgeno  6 configuraciones de flujo 1, 2, 3, 4, 5, 6  Alimentaci\u00f3n Fuente de alimentaci\u00f3n de CA 100-240 V, 50-60 Hz  Detecci\u00f3n autom\u00e1tica para permitir el uso en todo el mundo  Cable de alimentaci\u00f3n de CC: para uso m\u00f3vil en autom\u00f3viles  Duraci\u00f3n de la bater\u00eda (bater\u00eda individual): hasta 6.5 horas  Recargue hasta 3 horas con alimentaci\u00f3n de CA o CC  Duraci\u00f3n (bater\u00eda doble): hasta 13 horas  Nivel de ruido 38 dBA *  Operaci\u00f3n Funciones de control simples y pantalla LCD f\u00e1cil de leer  Uso Dise\u00f1ado para uso 24\/7\" \/>\n<meta property=\"og:url\" content=\"https:\/\/mhgequiposmedicos.com\/index.php\/product\/inogen-one-g5\/\" \/>\n<meta property=\"og:site_name\" content=\"mhgequiposmedicos.com\" \/>\n<meta property=\"article:publisher\" content=\"https:\/\/www.facebook.com\/MORNINGHEALTHINGGROUP\" \/>\n<meta property=\"article:modified_time\" content=\"2024-03-19T14:48:07+00:00\" \/>\n<meta property=\"og:image\" content=\"http:\/\/mhgequiposmedicos.com\/wp-content\/uploads\/2024\/01\/1272220932.jpg\" \/>\n\t<meta property=\"og:image:width\" content=\"540\" \/>\n\t<meta property=\"og:image:height\" content=\"554\" \/>\n\t<meta property=\"og:image:type\" content=\"image\/jpeg\" \/>\n<meta name=\"twitter:card\" content=\"summary_large_image\" \/>\n<meta name=\"twitter:label1\" content=\"Tiempo de lectura\" \/>\n\t<meta name=\"twitter:data1\" content=\"2 minutos\" \/>\n<script type=\"application\/ld+json\" class=\"yoast-schema-graph\">{\"@context\":\"https:\/\/schema.org\",\"@graph\":[{\"@type\":\"WebPage\",\"@id\":\"https:\/\/mhgequiposmedicos.com\/index.php\/product\/inogen-one-g5\/\",\"url\":\"https:\/\/mhgequiposmedicos.com\/index.php\/product\/inogen-one-g5\/\",\"name\":\"INOGEN ONE G5 - mhgequiposmedicos.com\",\"isPartOf\":{\"@id\":\"https:\/\/mhgequiposmedicos.com\/#website\"},\"datePublished\":\"2024-01-03T19:02:52+00:00\",\"dateModified\":\"2024-03-19T14:48:07+00:00\",\"breadcrumb\":{\"@id\":\"https:\/\/mhgequiposmedicos.com\/index.php\/product\/inogen-one-g5\/#breadcrumb\"},\"inLanguage\":\"es\",\"potentialAction\":[{\"@type\":\"ReadAction\",\"target\":[\"https:\/\/mhgequiposmedicos.com\/index.php\/product\/inogen-one-g5\/\"]}]},{\"@type\":\"BreadcrumbList\",\"@id\":\"https:\/\/mhgequiposmedicos.com\/index.php\/product\/inogen-one-g5\/#breadcrumb\",\"itemListElement\":[{\"@type\":\"ListItem\",\"position\":1,\"name\":\"Portada\",\"item\":\"https:\/\/mhgequiposmedicos.com\/\"},{\"@type\":\"ListItem\",\"position\":2,\"name\":\"Tienda\",\"item\":\"https:\/\/mhgequiposmedicos.com\/index.php\/tienda\/\"},{\"@type\":\"ListItem\",\"position\":3,\"name\":\"INOGEN ONE G5\"}]},{\"@type\":\"WebSite\",\"@id\":\"https:\/\/mhgequiposmedicos.com\/#website\",\"url\":\"https:\/\/mhgequiposmedicos.com\/\",\"name\":\"mhgequiposmedicos.com\",\"description\":\"\",\"publisher\":{\"@id\":\"https:\/\/mhgequiposmedicos.com\/#organization\"},\"potentialAction\":[{\"@type\":\"SearchAction\",\"target\":{\"@type\":\"EntryPoint\",\"urlTemplate\":\"https:\/\/mhgequiposmedicos.com\/?s={search_term_string}\"},\"query-input\":\"required name=search_term_string\"}],\"inLanguage\":\"es\"},{\"@type\":\"Organization\",\"@id\":\"https:\/\/mhgequiposmedicos.com\/#organization\",\"name\":\"mhgequiposmedicos.com\",\"url\":\"https:\/\/mhgequiposmedicos.com\/\",\"logo\":{\"@type\":\"ImageObject\",\"inLanguage\":\"es\",\"@id\":\"https:\/\/mhgequiposmedicos.com\/#\/schema\/logo\/image\/\",\"url\":\"https:\/\/mhgequiposmedicos.com\/wp-content\/uploads\/2020\/04\/mhg-high-resolution-logo-transparent.png\",\"contentUrl\":\"https:\/\/mhgequiposmedicos.com\/wp-content\/uploads\/2020\/04\/mhg-high-resolution-logo-transparent.png\",\"width\":2000,\"height\":707,\"caption\":\"mhgequiposmedicos.com\"},\"image\":{\"@id\":\"https:\/\/mhgequiposmedicos.com\/#\/schema\/logo\/image\/\"},\"sameAs\":[\"https:\/\/www.facebook.com\/MORNINGHEALTHINGGROUP\"]}]}<\/script>\n<!-- \/ Yoast SEO plugin. -->","yoast_head_json":{"title":"INOGEN ONE G5 - mhgequiposmedicos.com","robots":{"index":"index","follow":"follow","max-snippet":"max-snippet:-1","max-image-preview":"max-image-preview:large","max-video-preview":"max-video-preview:-1"},"canonical":"https:\/\/mhgequiposmedicos.com\/index.php\/product\/inogen-one-g5\/","og_locale":"es_ES","og_type":"article","og_title":"INOGEN ONE G5 - mhgequiposmedicos.com","og_description":"CARACTER\u00cdSTICAS DEL PRODUCTO   Peso 4.7 lbs. (incluye bater\u00eda individual)  Longitud del tama\u00f1o: 7.19 \u201d 3.26 \u201d 8.15  Sistema de suministro de dosis de pulso de flujo de ox\u00edgeno  6 configuraciones de flujo 1, 2, 3, 4, 5, 6  Alimentaci\u00f3n Fuente de alimentaci\u00f3n de CA 100-240 V, 50-60 Hz  Detecci\u00f3n autom\u00e1tica para permitir el uso en todo el mundo  Cable de alimentaci\u00f3n de CC: para uso m\u00f3vil en autom\u00f3viles  Duraci\u00f3n de la bater\u00eda (bater\u00eda individual): hasta 6.5 horas  Recargue hasta 3 horas con alimentaci\u00f3n de CA o CC  Duraci\u00f3n (bater\u00eda doble): hasta 13 horas  Nivel de ruido 38 dBA *  Operaci\u00f3n Funciones de control simples y pantalla LCD f\u00e1cil de leer  Uso Dise\u00f1ado para uso 24\/7","og_url":"https:\/\/mhgequiposmedicos.com\/index.php\/product\/inogen-one-g5\/","og_site_name":"mhgequiposmedicos.com","article_publisher":"https:\/\/www.facebook.com\/MORNINGHEALTHINGGROUP","article_modified_time":"2024-03-19T14:48:07+00:00","og_image":[{"width":540,"height":554,"url":"http:\/\/mhgequiposmedicos.com\/wp-content\/uploads\/2024\/01\/1272220932.jpg","type":"image\/jpeg"}],"twitter_card":"summary_large_image","twitter_misc":{"Tiempo de lectura":"2 minutos"},"schema":{"@context":"https:\/\/schema.org","@graph":[{"@type":"WebPage","@id":"https:\/\/mhgequiposmedicos.com\/index.php\/product\/inogen-one-g5\/","url":"https:\/\/mhgequiposmedicos.com\/index.php\/product\/inogen-one-g5\/","name":"INOGEN ONE G5 - mhgequiposmedicos.com","isPartOf":{"@id":"https:\/\/mhgequiposmedicos.com\/#website"},"datePublished":"2024-01-03T19:02:52+00:00","dateModified":"2024-03-19T14:48:07+00:00","breadcrumb":{"@id":"https:\/\/mhgequiposmedicos.com\/index.php\/product\/inogen-one-g5\/#breadcrumb"},"inLanguage":"es","potentialAction":[{"@type":"ReadAction","target":["https:\/\/mhgequiposmedicos.com\/index.php\/product\/inogen-one-g5\/"]}]},{"@type":"BreadcrumbList","@id":"https:\/\/mhgequiposmedicos.com\/index.php\/product\/inogen-one-g5\/#breadcrumb","itemListElement":[{"@type":"ListItem","position":1,"name":"Portada","item":"https:\/\/mhgequiposmedicos.com\/"},{"@type":"ListItem","position":2,"name":"Tienda","item":"https:\/\/mhgequiposmedicos.com\/index.php\/tienda\/"},{"@type":"ListItem","position":3,"name":"INOGEN ONE G5"}]},{"@type":"WebSite","@id":"https:\/\/mhgequiposmedicos.com\/#website","url":"https:\/\/mhgequiposmedicos.com\/","name":"mhgequiposmedicos.com","description":"","publisher":{"@id":"https:\/\/mhgequiposmedicos.com\/#organization"},"potentialAction":[{"@type":"SearchAction","target":{"@type":"EntryPoint","urlTemplate":"https:\/\/mhgequiposmedicos.com\/?s={search_term_string}"},"query-input":"required name=search_term_string"}],"inLanguage":"es"},{"@type":"Organization","@id":"https:\/\/mhgequiposmedicos.com\/#organization","name":"mhgequiposmedicos.com","url":"https:\/\/mhgequiposmedicos.com\/","logo":{"@type":"ImageObject","inLanguage":"es","@id":"https:\/\/mhgequiposmedicos.com\/#\/schema\/logo\/image\/","url":"https:\/\/mhgequiposmedicos.com\/wp-content\/uploads\/2020\/04\/mhg-high-resolution-logo-transparent.png","contentUrl":"https:\/\/mhgequiposmedicos.com\/wp-content\/uploads\/2020\/04\/mhg-high-resolution-logo-transparent.png","width":2000,"height":707,"caption":"mhgequiposmedicos.com"},"image":{"@id":"https:\/\/mhgequiposmedicos.com\/#\/schema\/logo\/image\/"},"sameAs":["https:\/\/www.facebook.com\/MORNINGHEALTHINGGROUP"]}]}},"_links":{"self":[{"href":"https:\/\/mhgequiposmedicos.com\/index.php\/wp-json\/wp\/v2\/product\/2787"}],"collection":[{"href":"https:\/\/mhgequiposmedicos.com\/index.php\/wp-json\/wp\/v2\/product"}],"about":[{"href":"https:\/\/mhgequiposmedicos.com\/index.php\/wp-json\/wp\/v2\/types\/product"}],"version-history":[{"count":1,"href":"https:\/\/mhgequiposmedicos.com\/index.php\/wp-json\/wp\/v2\/product\/2787\/revisions"}],"predecessor-version":[{"id":2795,"href":"https:\/\/mhgequiposmedicos.com\/index.php\/wp-json\/wp\/v2\/product\/2787\/revisions\/2795"}],"wp:featuredmedia":[{"embeddable":true,"href":"https:\/\/mhgequiposmedicos.com\/index.php\/wp-json\/wp\/v2\/media\/2788"}],"wp:attachment":[{"href":"https:\/\/mhgequiposmedicos.com\/index.php\/wp-json\/wp\/v2\/media?parent=2787"}],"wp:term":[{"taxonomy":"product_cat","embeddable":true,"href":"https:\/\/mhgequiposmedicos.com\/index.php\/wp-json\/wp\/v2\/product_cat?post=2787"},{"taxonomy":"product_tag","embeddable":true,"href":"https:\/\/mhgequiposmedicos.com\/index.php\/wp-json\/wp\/v2\/product_tag?post=2787"}],"curies":[{"name":"wp","href":"https:\/\/api.w.org\/{rel}","templated":true}]}}